be (-2352)/(-240) + 8/(-10). Let h(r) = -3*r - 4. Let n be h(-4). Suppose b*p - 26 = -n. Calculate the highest common divisor of p and 8.
2
Suppose -50*j + 18*j = -72*j + 200. What is the highest common factor of j and 685?
5
Let l be (14 + 0)/(168/(-44) - -4). Let p be l - (0/(-4))/((-12)/(-4)). What is the greatest common divisor of 44 and p?
11
Let l be 42/10 + (40/(-25))/(-2). Suppose 3*f - 632 = 2*a, l*f + 4*a - 431 = 593. What is the highest common divisor of f and 130?
26
Let p be 67/3 + 45/27 - (-1 - 3). Calculate the greatest common divisor of 315 and p.
7
Let w = 7613 + -7559. What is the highest common divisor of 1269 and w?
27
Let u(t) = -t**2 + 8*t. Let i be u(6). Let h be (70/(-15))/(1/(-15)). Let n be h/(-4)*-1*(-84)/(-49). What is the greatest common factor of n and i?
6
Let p(l) = -l**2 + 21*l - 35. Let h be p(19). Suppose -u = 4*o - 1853, -o + 0*o - h*u + 455 = 0. Calculate the highest common divisor of 29 and o.
29
Let d be -1 - (-25)/4*(16 + 20). Let h(g) = -210*g + 2. Let o be h(2). Let s be o/(-13) + (-28)/182. What is the greatest common divisor of s and d?
32
Let u = 117 + 51. Let i(n) = 142*n + 1752. Let s be i(-12). What is the greatest common divisor of s and u?
24
Let z(g) = 2*g**2 - 2*g - 7. Let q be z(-3). Let l = q - 22. Let h be (l - -4)*1*-5. What is the highest common factor of 5 and h?
5
Let j(w) = 338*w**2 + 19*w - 117. Let a be j(6). What is the greatest common divisor of 45 and a?
15
Let b = 43 - -8. Suppose -k - 251 = -2*t - 3*t, t = k + b. Let g be -15*(-20)/15*1. Calculate the highest common factor of t and g.
10
Let s(x) = -2*x**3 + 8*x**2 - 8*x + 13. Let z be s(3). Suppose -u + 2*v = -4, u + 5 = -2*v + z*v. What is the highest common divisor of u and 110?
10
Let t = -2346 + 3191. Calculate the highest common divisor of 10 and t.
5
Let h(j) = -95*j + 5. Let t be h(-4). Let u be -1 + 5 + (42 - 88/8). What is the greatest common factor of u and t?
35
Let b = 149 - 218. Let o = 140 - b. What is the highest common factor of o and 22?
11
Let y(g) be the second derivative of g**5/20 + g**4/6 - 7*g**3/3 - g**2 - 50*g. Let q be y(-4). What is the highest common factor of q and 66?
22
Let k = -1231 + 1255. Calculate the greatest common divisor of 276 and k.
12
Let m = -12773 + 12809. Calculate the greatest common factor of m and 156.
12
Let n = 18999 - 18877. What is the highest common divisor of n and 20?
2
Let o(w) = 2*w**3 - 31*w**2 - 17*w + 62. Let p(b) = 6*b + 130. Let r be p(-19). Let d be o(r). What is the highest common divisor of d and 23?
23
Let r = 1630 - 1430. Calculate the highest common factor of r and 64.
8
Let o(p) = -2*p**3 - 96*p**2 - 353*p + 25. Let g be o(-44). What is the greatest common factor of 72 and g?
3
Let l = 32439 - 32400. Let w = -461 - -812. Calculate the highest common factor of w and l.
39
Let b(n) = -28*n + 875. Let u be b(31). Calculate the greatest common factor of 301 and u.
7
Let r be 2/(-16) + (-1921)/(-136). Suppose -r*k - k = -1785. Calculate the greatest common divisor of k and 14.
7
Let p(z) = -2*z**3 + 9*z**2 - 12*z + 92. Let j be p(-8). What is the greatest common factor of 12 and j?
12
Suppose -451 = 2*y + 21*g - 18*g, -5*y + 2*g = 1156. Let j be 2/(-20) - 3243/y. Calculate the greatest common divisor of 63 and j.
7
Let m be 390/273 - (-2893)/77. Calculate the greatest common factor of 48 and m.
3
Suppose -4*w + 72 = -2*f + 124, 5*w - 39 = -4*f. Calculate the greatest common factor of 40 and f.
8
Let a = 69 + 8. What is the highest common divisor of a and 1421?
7
Let x(g) = 73*g + 2442. Let j be x(-33). Calculate the highest common divisor of j and 7887.
33
Let n be 282*(-1*(-9)/(-12) - (-220)/176). Let h be (-359)/4 - 2/8. Let s = n + h. Calculate the highest common factor of s and 34.
17
Suppose 4*n - 18168 = -2*z - 1090, 0 = 4*z + n - 34142. Calculate the highest common divisor of z and 15.
15
Let v = -1 - -11. Let p(o) = o**3 - 7*o**2 - 3*o + 10. Suppose 14 + 10 = 3*r. Let l be p(r). What is the highest common factor of l and v?
10
Let y = 130593 - 130478. Let b = 6 + -4. Let h(d) = 2*d**3 + 2*d**2 - 1. Let g be h(b). What is the highest common factor of y and g?
23
Suppose 65*a - 31*a - 2527240 = -130*a. What is the greatest common divisor of 920 and a?
230
Let m = -6964 + 6968. Let b(q) = q**2 + 2*q - 3. Let x be b(-7). Calculate the highest common divisor of x and m.
4
Let d(r) = 34*r + 9*r + 2 - 4*r. Let u(x) = -x + 14. Let o be u(12). Let l be d(o). What is the greatest common divisor of l and 32?
16
Let v(q) = 4*q**2 - 3 + 0*q**2 - 157*q + 9 - 6*q**2 - 9*q**2. Let n be v(-14). Calculate the highest common factor of 48 and n.
48
Let f be 81/4 - 5/20. Suppose y - 4*v - f = 0, 6*y - 2*v = y + 28. Let t be y/14 + (-450)/(-42). What is the highest common factor of t and 77?
11
Let u = -1204 - -2422. Let w = -323 - -337. What is the highest common divisor of u and w?
14
Suppose 0 = 3*v - 0*v - 162. Let s be (v/(-28) + 93/217)*-60. Let r = -2 - -12. Calculate the greatest common factor of r and s.
10
Suppose 4*a = -4*k + 6*a + 1984, -a - 1984 = -4*k. Calculate the greatest common divisor of k and 16.
16
Suppose -20 = -2*o + 4. Let x be ((-3087)/28)/((-3)/o). Calculate the highest common divisor of 49 and x.
49
Let s(v) = v**2 - 10*v - 6. Let f be s(14). Let r = -46 + f. Suppose -p + 72 = 2*k, 3*p - r = 2. Calculate the highest common factor of 7 and k.
7
Suppose 2*h = 5*s - 15, -5*s + 8*h = 4*h - 15. Suppose -22*t - 306 = -5*n - 24*t, -5*n = -s*t - 291. What is the highest common factor of n and 660?
60
Suppose -3*l + 184 = 4*m, -5*l - 30*m = -28*m - 344. Suppose -214 + 70 = -t. What is the highest common factor of t and l?
72
Suppose -76*i - 58 = -4*m - 75*i, 5*m - 4*i = 67. Calculate the greatest common factor of m and 7485.
15
Let i = 27175 + -27119. Calculate the highest common divisor of 4438 and i.
14
Let o = 72 - 43. Suppose 0 = c + 2*f - 49, -c - 13*f = -12*f - 46. Suppose o = 4*t - c. What is the highest common divisor of t and 198?
18
Suppose 8*u = 3*u + 585. Let o(j) = -j**3 - 13*j**2 + 9*j - 159. Let y be o(-15). Calculate the greatest common divisor of u and y.
39
Suppose -107*t - 111*t + 98 = -211*t. Calculate the highest common factor of 882 and t.
14
Let g(q) = 2*q**3 - q**2 - 4*q + 11. Suppose 116*l + 72 = 140*l. Let j be g(l). Calculate the highest common divisor of j and 187.
11
Let f be (24 + 1040/(-39))*-543. Calculate the greatest common factor of 40 and f.
8
Let y be (4/8*-2)/(-4) + 20383/68. Calculate the highest common divisor of 25 and y.
25
Let p be (64/96 + 2*1)*(-6)/(-8). Calculate the greatest common factor of 1238 and p.
2
Suppose -4*s + 44 + 72 = 0. Suppose 27*g - 15277 - 1166 = 0. Calculate the greatest common factor of g and s.
29
Let u(g) = -159*g - 261. Let z be u(-6). Let t be 2768/14 + 14/49. Calculate the highest common factor of z and t.
99
Suppose 251*m - 24 = 247*m. Let i be 15/2*10/15. Suppose -22 = i*g + 2*x - 172, -2*g = 3*x - 60. Calculate the greatest common divisor of m and g.
6
Suppose 10 - 3 = -b. Let c(g) = -g + 20. Let p be c(b). What is the greatest common divisor of 6 and p?
3
Suppose -84 + 4 = -8*a. Let n(h) = -h**2 + 4*h + 9. Let f be n(7). Let i be f/(-7)*35/2. Calculate the greatest common divisor of i and a.
10
Suppose 5*d + 3 = -7, -2*u + 3*d + 534 = 0. Suppose -13*f + u = 108. Calculate the greatest common divisor of f and 84.
12
Let l = 60 - 8. Let p = -50 + l. Suppose -19 = -p*d + 1. What is the greatest common factor of 4 and d?
2
Let o(q) = -6*q + 45. Let l be o(7). Suppose 27 = n + l*s, 5*s = -5*n + s + 146. Calculate the highest common factor of 50 and n.
10
Let a = -176 - -270. Suppose 23 = 3*t - a. What is the greatest common divisor of 52 and t?
13
Let h = 91 + -57. Suppose -2*v + 3*c - 738 = 874, 3260 = -4*v - 3*c. Let m = -438 - v. What is the greatest common factor of m and h?
34
Suppose -86*o = -92*o - 918. Let r = o - -154. Calculate the highest common divisor of r and 61.
1
Let h(u) = u**3 + 35*u**2 + 32*u - 66. Let m be h(-34). Let n be (-12050)/(-275) - m/(-11). What is the greatest common factor of 8 and n?
4
Suppose 2*r + 45 = 3*b - 69, -2 = b. Let i be (-112)/(-7)*(-3 + r/(-16)). What is the highest common factor of 42 and i?
6
Let b(j) = -9*j - 202. Let p be b(-22). Let k be (